tens digit of m?
4
Suppose -3*h - 14176 = -y, h + 1178 + 41310 = 3*y. What is the units digit of y?
1
Suppose n - 3*u + 4 - 20 = 0, -n = -5*u - 24. Suppose b - 147 = -n*r, r + 3*b - 117 = -2*r. What is the units digit of (-294)/4*(-48)/r?
8
Let z = 245 + -226. Suppose z*n = 23*n - 1692. What is the hundreds digit of n?
4
What is the ten thousands digit of (-11 + 13)*-5*(-59034)/30?
1
Let l(b) = -b**3 + 9*b**2 - 23*b - 14. What is the thousands digit of l(-12)?
3
Let u(p) = p**3 - 5*p**2 - 6*p - 8. Let j be u(4). Let g be (j/(-40))/(4/(-10)) + 3. Suppose g = 8*i - 9*i + 112. What is the hundreds digit of i?
1
Suppose -3*p + 3245 = 5*u - p, 4*p = 4*u - 2624. Let q = u + -411. Suppose 0 = 4*h + q - 680. What is the units digit of h?
0
Suppose -7*y + 1083 = 2700. Let t = y + 350. What is the units digit of t?
9
Suppose y - 5 = -4*p, 4*y = -2*p + 26 + 50. Let m be 7/y - 60/(-9). Suppose -5*v - 192 = -m*v. What is the tens digit of v?
9
Suppose 4*r + 5543 = -h, 5*r + 6930 = -0*r - h. Let t = -443 - r. What is the tens digit of t?
4
Suppose 31 = 6*u + 7. Let b(h) = 2*h - 9. Let j be b(u). What is the tens digit of 14/49*7/j - -226?
2
Let g(k) = 95*k**2 + 62*k + 41. What is the tens digit of g(9)?
9
Suppose -5 + 59 = -2*m. Let l = m + 26. What is the units digit of 5 + -4 + -1 - l*42?
2
Suppose -215 = 2*y - 231, 3*y = 2*j - 49392. What is the thousands digit of j?
4
Let x be 1/((-1)/3379)*(-52)/52. Let s be (-2)/(-4) + x/2. What is the tens digit of (-26)/(-91) - (s/(-14) + -1)?
2
Suppose 5*x - 6191 = j, -5*x + 3069 + 3146 = 5*j. What is the hundreds digit of x?
2
Let y(a) = 8 - 1 + a + 2*a**3 - 10*a**2 - 2*a - 2. Let j be y(5). Suppose -3*r + h = -20, j = -2*r - 3*h - 2*h + 36. What is the units digit of r?
8
Let w(s) = 497*s + 18625. What is the tens digit of w(41)?
0
Suppose -98 = -2*d - 22. Suppose -2*c + d = 204. Let f = c - -156. What is the units digit of f?
3
Suppose -19 + 5 = 2*f, -5*c - 4*f + 304492 = 0. What is the tens digit of c?
0
Let d(n) = -24 + 5 + 778*n**2 - 775*n**2 + n. What is the hundreds digit of d(14)?
5
Suppose -32*c = 87*c - 345219. What is the thousands digit of c?
2
Let x = -868 - -899. Let w be (3/(-2))/((-6)/424). Let r = w - x. What is the units digit of r?
5
Suppose 5*o = 3*o + 3*m + 15, -2*o - m = 5. What is the tens digit of 408 + (-7 - o) - 7?
9
Let r be -1 + (5 - 1) + (-7 - -2). What is the units digit of (-17 - (-10 + r))*(-736)/5?
6
Suppose -4422 = 5*w - 14727. What is the tens digit of w?
6
Let q = 5 + -2. Let y(a) = 9*a**3 - 4*a**2 - 11*a + 4. Let m(x) = 4*x**3 - 2*x**2 - 5*x + 2. Let h(l) = q*y(l) - 7*m(l). What is the tens digit of h(-2)?
1
Let j(k) = -215*k**3 - 2*k**2 + 2. Let w(v) = v - 30. Let p be w(29). What is the tens digit of j(p)?
1
Let v(g) = 40*g**2 - 41*g**2 - 2*g + 80 + 33*g. What is the units digit of v(19)?
8
Let a(d) = 7*d - 60. Let k be a(23). Suppose 55 = -3*y - k. What is the tens digit of (-1807)/y - 1/(-4)?
3
Let g(t) = -4*t**2 - 2*t - 3. Let s be g(-1). Let h be s*(-2)/60 + (-877)/6. What is the units digit of 10/(8/4) - h?
1
Suppose 371*v - 359*v = 66612. What is the thousands digit of v?
5
Suppose -1512 = 4*f - 5*c - 7152, 2*f - 2822 = 2*c. Let v = 718 - f. What is the hundreds digit of 16/(-40) - (v/(-5))/(-1)?
1
Suppose 5*w - 5*t - 10 = 0, 2*w - 7 + 0 = -t. Suppose -5*g = -z - 9, -w = 3*g - 3*z - 6. Suppose -g*y + 42 + 50 = 0. What is the tens digit of y?
4
Let u = 91847 - 58832. What is the tens digit of u?
1
Let x(u) be the third derivative of u**7/140 + u**5/30 + u**4/24 + 13*u**3/6 - 7*u**2. Let i(c) be the first derivative of x(c). What is the tens digit of i(2)?
5
Let c(r) = r**2 - 4*r - 41. Let m be c(-5). Suppose 5*w + m = 244. What is the units digit of w?
8
Suppose f = 26*f + 41*f - 679272. What is the thousands digit of f?
0
What is the hundreds digit of 8/1 - (-1149 + 2)?
1
Let j be 0 + 1 + (2152 - -53). Suppose 4*x = -v + 4417, x + x - 2*v = j. What is the units digit of x?
4
Suppose d + a = 6781, 2*a = 16*d - 11*d - 33891. What is the hundreds digit of d?
7
Suppose 0*y + 1621 = 4*y + 5*j, y - 406 = -j. Let s = y - 149. What is the units digit of s?
0
Let d(u) = -u + 25. Let p be d(14). Let r = 12 - p. Let a(b) = 24*b**2 - 2*b + 1. What is the units digit of a(r)?
3
Let f(m) = 2*m - 24 + 27 - m + 26. Suppose 2*s - 24 = 4*s. What is the units digit of f(s)?
7
Suppose 117*s = 119*s + 720. What is the units digit of (-80)/s + (-9572)/(-18)?
2
Suppose 0 = -2*g + 2*d + 2332, 0 = 2*g + 3*d - 226 - 2126. Suppose -3*t = -12*t + g. What is the tens digit of t?
3
Suppose -3*b = 3*w - 67293, -5*b - 3*w + 47961 = -64208. What is the hundreds digit of b?
4
Let i = -71 + 70. Let r(b) = 2*b. Let q(c) = 19*c - 8. Let n(h) = i*q(h) + 3*r(h). What is the units digit of n(-5)?
3
Let y = -83796 - -119727. What is the hundreds digit of y?
9
Let o = 22 + -28. Let z(l) = -2*l - 10. Let c be z(o). Suppose 25 = -5*n, -3*i + c*n + 3*n + 304 = 0. What is the tens digit of i?
9
Let q be 39/9 - (-5)/(-15). Suppose 764 = 4*z - 4*x + 2*x, 0 = x - q. What is the tens digit of z?
9
Let u(r) = -r**3 + 2*r**2 + 2500. Let k be u(0). Suppose -37*z + 2014 = -k. What is the units digit of z?
2
Let n(z) = -6*z**3 + 2*z**2 + 3*z + 4. Let q be n(3). Let y = -128 - q. Suppose y*i - 347 = 298. What is the tens digit of i?
1
Let f = -20784 - -47569. What is the tens digit of f?
8
Let q = -140 - -150. Suppose q*n - 5909 = 301. What is the units digit of n?
1
Let i = -765 - -1100. Suppose -5*j - 60 = -3*v - i, -37 = -j - 3*v. What is the tens digit of j/(1/((-10)/(-4)))?
3
Suppose 16*n = n + 75. Let q(u) = 7*u**2 - 15 - 9 + 10 + n*u - 2*u. What is the hundreds digit of q(-5)?
1
Suppose -2*v - 12 = -18. Let u = 0 + v. Suppose -37 = u*c - 316. What is the units digit of c?
3
Let m = 83 + 174. Let g = m + -83. Let i = -69 + g. What is the units digit of i?
5
Let o = -183 - -211. What is the hundreds digit of (-12*o/(-64))/(9/744)?
4
Suppose 75 = 5*k - 4*k. Let x = 131 - k. What is the units digit of x?
6
Suppose 16056 = 2*m - 4*r, 8*m + 39673 - 103963 = 5*r. What is the thousands digit of m?
8
Let w = 34 + -29. Suppose 2*y - 35 = -w*r, -r + 2*r + 20 = 5*y. Suppose -t - 3*l + 534 = 3*t, 670 = y*t + 5*l. What is the tens digit of t?
3
Let t be (-4)/12 - (-52)/3. Let u = 1917 - 921. Suppose -u = t*a - 23*a. What is the tens digit of a?
6
What is the thousands digit of -12 + 12 - -80*37?
2
Let g = 43304 - 20647. What is the hundreds digit of g?
6
Let q(j) = 100*j**2 - 5*j + 6. Let d be q(-6). Let p be 11/((-22)/d)*4/(-6). Suppose 5*b + k = p, 2*b + 2*k - 4 = 484. What is the hundreds digit of b?
2
Let y(r) = r**3 + 52*r**2 - 90*r + 134. What is the hundreds digit of y(-53)?
0
Suppose 15*x - 41882 - 70603 = 0. What is the units digit of x?
9
Suppose 3*s - 5*q = 41 - 11, 4*s = -5*q + 5. Suppose h - 5 = s*t - 0*t, 0 = h - t - 5. Suppose -2*m = h*m - 63. What is the units digit of m?
9
Let w(q) = -q**3 - 13*q**2 + 11*q + 1. Let f be w(-11). Let l be (9 - -7)/(4/154). Let j = l + f. What is the units digit of j?
4
Suppose -4*o - 11671 + 55255 = 4*f, -32700 = -3*o + 3*f. What is the tens digit of o?
9
Let q = -25 + 35. Suppose -2*w = 10, -13*a + q*a = -4*w - 956. What is the tens digit of a?
1
Suppose 0 = -2*t - 78 - 212. Let v = 553 - t. What is the tens digit of v?
9
Let p = 11 - 7. Let a be (3 + 5)*p/(-8). What is the hundreds digit of (216 - (2 - 8/a)) + 1?
2
Let f = -173 + 176. Suppose f*v + 1374 = 5*z, 2*z = 2*v - 49 + 601. What is the units digit of z?
3
Let i be 15685/(-20) - (-4)/16. Let k = i + 1349. What is the hundreds digit of k?
5
Suppose 3*j + 1262 = q + 5*j, -3*j + 2524 = 2*q. Let x = q + -686. What is the hundreds digit of x?
5
Let b = 709 - 701. Suppose 23*g - 360 = b*g. What is the units digit of g?
4
Suppose -5*p - 2 - 1 = -w, -3*p = -3*w + 9. Let m be (-2 - -2) + 1*5. Suppose -5*i + 133 = 2*d - p*d, m*i + 143 = 2*d. What is the units digit of d?
9
Suppose -17*z + 16*z = -5. Suppose -2*l = -4*j - 16, -2*l - 8*j = -z*j - 2. What is the hundreds digit of 115 + -2 + 3 + l/(-4)?
1
Suppose -2*j = 3*b - 0*j - 440, 4*b + 2*j - 590 = 0. Suppose 4*l - 646 = -b. Suppose 5*h - l = 441. What is the units digit of h?
3
Suppose 0 = -3*k - 755*z + 757*z + 35174, 2*z = -5*k + 58586. What is the tens digit of k?
2
What is